of 2/(4 - (-9)/l) - -184.
2, 3, 5
Let c(k) = 422*k**2 + 211*k - 1020. List the prime factors of c(5).
5, 29, 73
Let n be (-20)/(0 - 1) - (14 + -11). Suppose 4*d - 10 = -2*c, 0 = -0*c + 2*c - 5*d + n. What are the prime factors of (-2)/(c - -3)*-112?
2, 7
Let b(k) = 3*k**3 - 4*k**2 - 5*k - 2. Let x = -55 - -53. Let y be b(x). Let a = 93 + y. What are the prime factors of a?
61
Let l be (-69)/(-46) - (-11525)/2. Suppose 17666 = 33*a - l. List the prime factors of a.
2, 5, 71
Suppose -33*l - 635 = -38*l. Let n = l + -98. Suppose 4*q + n = 5*q. List the prime factors of q.
29
Suppose -4*p + 115048 = 8*t, -3*p = 5*t - 324 - 71582. List the prime factors of t.
2, 5, 719
Let z(j) = 536*j**2 + 181*j + 30. What are the prime factors of z(-6)?
2, 3, 5, 19
Suppose -5*v = -7*q + 3*q + 14, 5*v - 2*q + 12 = 0. Let w be 2 + 1 - (-81 + (-2 - v)). Suppose -11*b + w = -5*b. What are the prime factors of b?
2, 7
Let h be ((-1)/(-3)*3)/(-1). Let x be (-4 + h)*(-84)/5. List the prime factors of x - (0/(-3))/(-4).
2, 3, 7
List the prime factors of 26/39 + (-54595)/(15/(3 - 8)).
18199
Let r(y) = -9*y + 9. Let s be r(13). Let d = s + 172. Let u = d - 46. List the prime factors of u.
2, 3
Let f be (-4)/(-8)*(27 - 3). List the prime factors of (351/(-162))/((-2)/f).
13
Let c(m) = 1676*m**3 - 3*m**2 - 9*m + 4. List the prime factors of c(2).
2, 6691
Let t = 18127 + -11702. List the prime factors of t.
5, 257
Let x(h) = -3*h**3 - 2*h**2 + 4*h - 22. Let v be x(5). What are the prime factors of (-6)/(-57) - 2/19 - v?
7, 61
Suppose 22*t + 57632 = 600064. List the prime factors of t.
2, 23, 67
Let g(f) = 6458*f - 429. List the prime factors of g(2).
12487
Suppose a - 31849 = 3*z, 35*z = 37*z - 16. List the prime factors of a.
31873
Let o be (0 + -3)/((-1)/(-31)). Let b = 98 + o. Suppose -11*r + 288 = -b*r. List the prime factors of r.
2, 3
Let i(z) = z**2 + 8*z + 18. Suppose 5*u - s + 75 = 0, 6*u + s = u - 65. Let y(f) = -2*f - 38. Let p be y(u). List the prime factors of i(p).
2, 19
Suppose -2*i - 2*i - c = 230, -3*i - 4*c - 166 = 0. What are the prime factors of i/(-6)*(7 + 3 + -1)?
3, 29
Let g = 103 - 103. List the prime factors of 3 - -7*(g + 7 + 2).
2, 3, 11
Let q(v) be the second derivative of v**4/12 + 2*v**3/3 - 6*v. Let r be q(-5). Suppose 4 = 4*i, -r*i - 135 = -5*h + 475. What are the prime factors of h?
3, 41
Suppose 0 = 20*f + 85*f - 798630. List the prime factors of f.
2, 3803
Let b(z) = z**3 + 24*z**2 - 5*z + 20. Let o be b(-14). Suppose -7*r + 652 = -o. List the prime factors of r.
2, 193
Let r = 5432 - -15604. What are the prime factors of r?
2, 3, 1753
Let v = -14248 - -6942. What are the prime factors of ((-98)/(-35))/7 - v/10?
17, 43
Let k(x) = -x. Let l(s) = -7*s - 7. Let f(c) = 6*k(c) - l(c). Let v be f(-2). Suppose -4 = -3*z + 2, 4*z + 552 = v*j. What are the prime factors of j?
2, 7
Let z = -334 - -340. What are the prime factors of ((-5377)/(-171))/(2/z)*6?
2, 283
Let a(h) = 244*h**3 + h**2 + 2*h - 2. Let r = -8 - -9. What are the prime factors of a(r)?
5, 7
List the prime factors of -1 + 489840/9 + (-76)/(-57).
37, 1471
Suppose -3*w = 4*q - 6*w - 10095, 3*q - 7574 = 5*w. Let u = -1443 + q. What are the prime factors of u?
2, 3, 5
Let g(r) = -72*r**3 + 9*r**2 - 76*r + 7. List the prime factors of g(-6).
16339
Suppose -182 = 17*s - 4602. Suppose 0 = -5*n + 25, -2*d - 2*n - s = -4*d. List the prime factors of d.
3, 5
Let p = 3592 + 15179. List the prime factors of p.
3, 6257
List the prime factors of -2 + (-4 - -7) + 27094 - (-4 - 0).
3, 3011
Suppose 8*s - 197277 = -521*s + 1868997. List the prime factors of s.
2, 3, 7, 31
Suppose -n = -4*n - 2*g + 11, -4*n + 18 = g. Suppose n*m - 1140 = -j, -3*j + 3408 = m + 2*m. Suppose 10*o - j - 325 = 0. What are the prime factors of o?
2, 73
Let x = 60 - -63. Suppose 162*r = 160*r + 150. Let s = x - r. List the prime factors of s.
2, 3
Suppose -4*p + 77 = 69. Suppose 0 = -4*d - 5*i + 4513, p*d = 2*i - 4*i + 2258. List the prime factors of d.
2, 283
Let r(s) = 6*s**2 + 8*s + 16. Suppose -5*z = -4*a + 3*a - 12, -2*z = -2*a. Suppose 1 = a*t + 10. What are the prime factors of r(t)?
2, 23
Let l = -401 + 408. Let y(j) = 56*j - 94. List the prime factors of y(l).
2, 149
Let b = -16 + 18. Suppose -b*d + 698 = 126. What are the prime factors of d?
2, 11, 13
List the prime factors of (-4616878)/(-294) - (1 - 4/3).
2, 13, 151
Let v = -153 + 156. Suppose -2*f = -i + 197, -2*i + 5*i - 597 = v*f. What are the prime factors of i?
3, 67
Let z = -30 - -152. Suppose 5*l + 4*b - 192 = b, z = 3*l - 5*b. Suppose 43*o = l*o + 292. What are the prime factors of o?
73
Suppose 49*u = -85384 + 292507. List the prime factors of u.
3, 1409
Let w be ((-1)/2 - (-30)/20) + -221. What are the prime factors of ((-88)/w)/(0 + 2/2690)?
2, 269
Suppose -3*j - 12 = 3. Let i be 28/140 - (3559/j + 0). Let q = -509 + i. What are the prime factors of q?
7, 29
Suppose 3*m + 4*t + 16 - 789 = 0, -m + 253 = -t. Suppose m - 3 = 3*d. What are the prime factors of d?
2, 3, 7
Suppose 0 = -3*r + 18096 + 27. List the prime factors of r.
7, 863
Let v(c) = -3182*c + 1332. What are the prime factors of v(-5)?
2, 37, 233
Let m = 12 - -25. Let h = 42 - m. Suppose 3*y - 3*q + q = 494, y - h*q = 182. List the prime factors of y.
2, 3
Let v = 512 - -6422. What are the prime factors of v?
2, 3467
Let s = -193 - -210. Suppose -s*a + 2096 = 5*y - 14*a, 2*y - 4*a = 854. What are the prime factors of y?
421
Let o(m) = -15*m - 14*m - 5*m + 8*m + m**3 - 8 + 19*m**2. Let x be o(-20). Suppose -3*z + x = -4*t, -z - 5*t - 110 = -4*z. What are the prime factors of z?
2, 5
What are the prime factors of 0*9/117 + (-21876)/(-3 - -1)?
2, 3, 1823
Suppose -329*l - 10 = -334*l. Suppose 0*x - x = 4*y - 1222, 3*x + l*y = 3676. What are the prime factors of x?
2, 613
Suppose 38*s + 20 = 34*s. Let i(p) = -p**3 - p**2 + 19*p + 10. What are the prime factors of i(s)?
3, 5
Suppose -2*m + 12 = m. Suppose -m*b = -3*s - 659, 3*s - 192 - 437 = -4*b. Suppose -b = -2*f + 3*o, -87 = -f - 2*o - 3*o. List the prime factors of f.
2, 41
Suppose -412*x + 411*x + 2150 = 0. Suppose -2210 - x = -8*r. What are the prime factors of r?
5, 109
Suppose 3*z = -z - 4, -5*r - 1 = -4*z. Let h be -8 - 425 - (-2)/r. List the prime factors of ((-18)/15)/(6/h).
3, 29
Suppose -21*z - 3285 = -6*z. What are the prime factors of z/2*12/(-9)?
2, 73
List the prime factors of (15/(-6))/(((-81)/9)/(-18)) - -8831.
2, 3, 1471
Let j(m) = -97*m**2 + 2*m - 2. Let r be j(2). Let c = -222 - r. Suppose -74 = o - c. List the prime factors of o.
2, 3, 5
Suppose -12 = 12*t - 108. What are the prime factors of t/(16/210) - (-2 - -2)?
3, 5, 7
Let m(x) = -34*x**3 - 9*x**2 + 2*x + 8. Let q be m(3). Let a = 1833 + q. List the prime factors of a.
2, 53
Let i(m) = -41*m**2 + 21*m + 5. Let t be i(-7). Let l = t - -3460. List the prime factors of l.
7, 11, 17
Let l(b) = 258*b - 259. List the prime factors of l(10).
11, 211
Let q = -20199 - -53790. List the prime factors of q.
3, 11197
Let n be 14180/(-14) - 1/7. Let c = 1472 + n. What are the prime factors of c?
3, 17
Let n = 3146 + -1257. What are the prime factors of n?
1889
Let g = -14314 + 72043. What are the prime factors of g?
3, 7, 2749
Let y be 9/5 + -2 - (-933)/15. Suppose q + 39 = 10. Let r = y + q. What are the prime factors of r?
3, 11
Suppose 0 = d - 2*h - 4, -7*h + 44 = 3*d - 5*h. Suppose d*v - 12537 = 5*v. What are the prime factors of v?
3, 199
Let n = 247 + -73. Let y(g) = -n*g - 1 - 4 + 169*g - 2 + g**3 + 11*g**2. List the prime factors of y(-10).
11, 13
Suppose 0 = -3*d + 5*a + 58408 - 10263, 21 = 3*a. What are the prime factors of d?
2, 5, 11, 73
Suppose 2*p + 4*i - 60 = 0, 2*i + 54 = -83*p + 85*p. List the prime factors of 13578/14 + p/196.
2, 5, 97
Let i(n) = 31*n**2 - 14*n + 43. What are the prime factors of i(-8)?
3, 23, 31
Let r be 15/5 + (0 - -1). Suppose -r*y = -4*h - h - 11, -3*y = -3*h - 9. Suppose y*j - 3*j = 22. List the prime factors of j.
2, 11
Suppose 10*d - 17240 = 6*d - 4*n, 0 = -13*d - 3*n + 56010. What are the prime factors of d?
2, 3, 359
Let p be 106/(-10) - (-12)/(-30). Let j = p - -14. Suppose j*y - 3*l = -2*l + 173, 4*y - 234 = 3*l. What are the prime factors of y?
3, 19
Suppose 3*p = 2*o - 67763, -2*o + 9*p - 12*p + 67721 = 0. List the prime factors of o.